rime?
True
Is 19431857 composite?
False
Is 42192201 a prime number?
False
Is 74322823 composite?
False
Is 99069827 prime?
True
Is 872274551 composite?
True
Is 224450041 a composite number?
True
Is 3352253 a composite number?
True
Is 1572383 composite?
True
Is 4052549 a composite number?
False
Is 1882907 composite?
True
Is 20593883 prime?
True
Is 113562773 a prime number?
True
Is 14882887 prime?
False
Is 186064193 a composite number?
True
Is 3719507 composite?
True
Is 295781197 a composite number?
False
Is 7123199 prime?
True
Is 12950941 a prime number?
True
Is 6795431 composite?
True
Is 67798727 a prime number?
True
Is 10234403 prime?
True
Is 279520427 prime?
True
Is 9489229 composite?
False
Is 397161955 a prime number?
False
Is 5103671 prime?
True
Is 105162479 prime?
True
Is 19015201 composite?
True
Is 21115379 prime?
True
Is 2628841 a composite number?
True
Is 121058321 a prime number?
True
Is 450670117 composite?
True
Is 4603645 prime?
False
Is 31013837 composite?
False
Is 3457729 a composite number?
True
Is 1477049 composite?
True
Is 911029 a composite number?
True
Is 4979206 a composite number?
True
Is 1076361109 a composite number?
False
Is 45699607 composite?
False
Is 60923833 composite?
False
Is 6719371 a composite number?
False
Is 1013981 a prime number?
False
Is 13986299 a composite number?
True
Is 164063 a prime number?
False
Is 111062635 composite?
True
Is 6580217 a composite number?
True
Is 67607093 composite?
True
Is 1015813 a prime number?
True
Is 37705537 a composite number?
True
Is 23172499 a composite number?
True
Is 210854507 a prime number?
False
Is 345355553 composite?
False
Is 4428587 a composite number?
False
Is 1576277 prime?
True
Is 1827607 composite?
True
Is 1012481 a prime number?
True
Is 50368173 a composite number?
True
Is 21551401 a prime number?
True
Is 54381139 a prime number?
True
Is 7099747 a prime number?
False
Is 205029403 a prime number?
True
Is 76869361 a composite number?
True
Is 201049 a prime number?
True
Is 3021391 prime?
False
Is 169978537 composite?
True
Is 21251201 a composite number?
False
Is 1558061 composite?
False
Is 38694385 prime?
False
Is 31467805 prime?
False
Is 75382513 composite?
True
Is 61576871 a prime number?
True
Is 294298387 prime?
True
Is 589627 prime?
False
Is 45158521 composite?
False
Is 5999761 a prime number?
False
Is 80112847 composite?
False
Is 216066281 a prime number?
True
Is 16132547 a composite number?
True
Is 299365958 a composite number?
True
Is 2725357 composite?
False
Is 26546579 composite?
False
Is 5704267 a composite number?
False
Is 8035427 a prime number?
True
Is 1560781 a composite number?
False
Is 4267883 composite?
True
Is 4058507 prime?
False
Is 1714913 composite?
True
Is 882719 prime?
True
Is 1521284023 a composite number?
True
Is 31734629 a prime number?
True
Is 365627 a composite number?
False
Is 35603301 composite?
True
Is 3560327 composite?
True
Is 383267659 composite?
False
Is 5732189 a prime number?
True
Is 4377871 a composite number?
False
Is 820083963 a composite number?
True
Is 11989883 a composite number?
False
Is 423511 a prime number?
False
Is 42310573 prime?
False
Is 176280743 a prime number?
False
Is 105791579 composite?
False
Is 146956657 a composite number?
False
Is 23033447 a composite number?
True
Is 19880851 composite?
False
Is 86762695 prime?
False
Is 19545191 a composite number?
True
Is 79530914 a prime number?
False
Is 4602463 a composite number?
False
Is 104155627 prime?
False
Is 273635099 a composite number?
False
Is 1701449 a composite number?
False
Is 13103047 composite?
False
Is 53576441 composite?
False
Is 9310501 a prime number?
True
Is 3334271 a composite number?
False
Is 15187019 a composite number?
False
Is 27628597 a composite number?
False
Is 180211 a prime number?
True
Is 13038091 prime?
False
Is 3762295397 prime?
False
Is 652686299 composite?
False
Is 30711767 prime?
False
Is 107753591 composite?
True
Is 33964429 a composite number?
True
Is 303963467 a prime number?
True
Is 207932467 prime?
True
Is 4820867 prime?
False
Is 1828093 a composite number?
False
Is 276439 composite?
False
Is 9331151 composite?
False
Is 2999081 composite?
True
Is 161100743 a prime number?
True
Is 11862931 a prime number?
False
Is 9521119 prime?
False
Is 9089609 a composite number?
False
Is 344289761 composite?
True
Is 1521826 prime?
False
Is 881315233 prime?
True
Is 253601 prime?
True
Is 389958739 a prime number?
True
Is 808081 a prime number?
True
Is 119452537 prime?
False
Is 305293 a prime number?
False
Is 5662693 composite?
True
Is 500215 composite?
True
Is 521107 a prime number?
True
Is 81611 a composite number?
False
Is 30500689 prime?
True
Is 12658567 a prime number?
True
Is 27692489 a composite number?
True
Is 41033 composite?
True
Is 815663 prime?
True
Is 6865069 composite?
True
Is 839051879 a prime number?
True
Is 49003543 a composite number?
True
Is 38435203 composite?
False
Is 2338033 a prime number?
False
Is 248809001 a prime number?
False
Is 39622193 a composite number?
True
Is 44822671 composite?
False
Is 3895231 a composite number?
False
Is 329731277 a prime number?
False
Is 33685781 a prime number?
True
Is 3072413 a prime number?
True
Is 126177173 prime?
False
Is 114736429 a composite number?
False
Is 19528991 a prime number?
True
Is 30398177 composite?
True
Is 7913093 a prime number?
True
Is 36165101 a prime number?
False
Is 56244953 a prime number?
True
Is 26798177 prime?
False
Is 122693 a prime number?
True
Is 490150261 prime?
True
Is 109591 prime?
False
Is 184883 a composite number?
True
Is 34655611 a composite number?
False
Is 1118707 prime?
False
Is 158383 a prime number?
False
Is 10653871 a composite number?
True
Is 3630643 prime?
True
Is 16329153 a composite number?
True
Is 416335 prime?
False
Is 6685303 a composite number?
False
Is 64276367 composite?
False
Is 76035335 a composite number?
True
Is 853357 a prime number?
True
Is 673907 a prime number?
False
Is 42324949 prime?
False
Is 8387191 prime?
True
Is 133459541 a composite number?
False
Is 421739 prime?
True
Is 22533839 composite?
False
Is 8825887 a prime number?
False
Is 356197 composite?
False
Is 328201663 a prime number?
False
Is 523674643 a prime number?
True
Is 2887541 a composite number?
False
Is 193789 a prime number?
True
Is 11292017 a prime number?
False
Is 89319467 a composite number?
False
Is 6590335 composite?
True
Is 1386901 a composite number?
False
Is 76099505 composite?
True
Is 637409 a composite number?
False
Is 60538609 prime?
False
Is 105731243 composite?
True
Is 178150091 a composite number?
True
Is 69239 composite?
False
Is 19629769 a composite number?
True
Is 90780577 composite?
False
Is 155359007 prime?
True
Is 20269021 prime?
True
Is 10111747 prime?
True
Is 9914003 a composite number?
True
Is 18625037 a prime number?
True
Is 79040929 a composite number?
True
Is 74451541 composite?
True
Is 2883409 composite?
True
Is 119023573 a prime number?
True
Is 599681 composite?
False
Is 56467651 composite?
False
Is 86528077 prime?
True
Is 67657079 a composite number?
True
Is 2905982 a prime number?
False
Is 974359 composite?
False
Is 6360647 a prime number?
True
Is 17777341 a prime number?
True
Is 3823429 prime?
True
Is 505303901 a prime number?
True
Is 4800193 composite?
False
Is 1104533 composite?
False
Is 296955929 composite?
False
Is 1746999561 a prime number?
False
Is 9726109 a composite number?
False
Is 317739193 prime?
False
Is 35948833 a prime number?
True
Is 97787713 a composite number?
True
Is 1767981 prime?
False
Is 19608959 a composite number?
True
Is 50162719 a prime number?
False
Is 3994453 a composite number?
False
Is 19454469 composite?
True
Is 85867 a prime number?
False
Is 373251469 prime?
True
Is 139182931 a prime number?
True
Is 24742439 a prime number?
False
Is 364910929 a prime number?
False
Is 44891009 a prime number?
False
Is 4495763 composite?
False
Is 7498691 a composite number?
True
Is 68047871 composite?
False
Is 2398273 composite?
False
Is 5180099 composite?
False
Is 2032103 composite?
False
Is 44571407 a prime number?
True
Is 24471053 prime?
False
Is 3044467 a prime number?
False
Is 63559121 prime?
True
Is 32125161 composite?
True
Is 1342059 a prime number?
False
Is 2302591 composite?
True
Is 1667179 a composite number?
False